 2*l**2 - 38. What is i(3)?
2
Let k(r) = -r**3 - 9*r**2 + 2*r + 19. Let w = 2186 + -2195. Determine k(w).
1
Suppose -106*k = -117*k + 22. Let l(r) = -2*r**3 + 3. Give l(k).
-13
Let k(z) = 51*z - 50*z + 0 - 16. Give k(10).
-6
Let z(r) = -5217*r**2 + 5215*r**2 + 3 - 2. Give z(3).
-17
Let u(m) = m**2 - 3. Suppose 209 = 12*c - 7. Suppose 0 = -c*a + 20*a - 6. Calculate u(a).
6
Let y(u) = -2*u + 17. Let n(j) = -j + 9. Let s be 4/18 - (-56)/(-9). Let r(a) = s*y(a) + 11*n(a). Let z = 27 - 24. Give r(z).
0
Let i(a) = 1 - 2*a + 1 + 7. Suppose -219 = -7*h - 177. Give i(h).
-3
Let q(j) = -j**3 + 4*j**2. Let i be q(4). Suppose i = 3*m - 7*m - 8. Let d(f) be the third derivative of -f**5/60 - f**4/12 - f**3/2 - f**2. Calculate d(m).
-3
Let h(s) = -s**3 + 6*s**2 - s + 6. Let q be h(6). Suppose 5*a + 8 + 10 = -4*i, q = -2*i - a - 6. Let n(w) = w**2 + 3*w + 3. Calculate n(i).
1
Suppose 0 = -0*h + 2*h - 6. Let j be (-182)/42 - 2/h. Let c(d) be the third derivative of d**6/120 + d**5/10 + 5*d**4/24 - 7*d**3/6 - 2*d**2. Determine c(j).
-7
Suppose -3*x + 31 = -11. Let j = x + -4. Let m be (j/1 - 1) + -3. Let b(g) = -g**3 + 5*g**2 + 5*g + 6. What is b(m)?
0
Suppose 24 = 4*j - 4*k, 5*j - 3*k - 28 = 2. Suppose 0 = -j*p - 28 - 20. Let z(t) = t**2 + 5 + 6*t - 1 + 2*t + 2. What is z(p)?
6
Let a(r) = -11*r. Suppose 2*n - 6*n = 0. Suppose s - 3*s + 2 = n, -5*h + 24 = 4*s. Suppose -5*d + h*q = 2*q + 9, 0 = d + 3*q - 5. Calculate a(d).
11
Let u(p) = 2*p**3 - 10*p**2 + 6*p + 7. Let w(o) = o**3 - 5*o**2 + 3*o + 3. Suppose 0 = -3*x, -5*x = q - x - 5. Let i(y) = q*w(y) - 2*u(y). Determine i(3).
-8
Let o be (-36)/12*-1*3. Let q = o - 6. Suppose 18 = -3*d + q. Let u(a) = -a**3 - 5*a**2 + 2*a + 4. Determine u(d).
-6
Let r(u) = u**3 - 10*u**2 - 11*u + 3. Suppose n + 5*i - 11 = 0, -4*n - 2*i + 3*i = -44. Determine r(n).
3
Let i(v) = 1 + v + 12 + 10 + 5. What is i(-11)?
17
Let z = -393 - -387. Let j(y) = y**2 + 4*y + 9. Give j(z).
21
Let o(k) = -7*k**2 - 12*k - 13. Let r(q) = -4*q**2 - 6*q - 7. Let u(j) = 3*o(j) - 5*r(j). Calculate u(-3).
5
Let k be 6/8*(-60)/(-9). Let p(y) = -y**2 + 2*y + 13. Let c be p(k). Let s(n) = n**3 + 3*n**2 + n - 1. What is s(c)?
1
Let n(h) = -8*h - 108. Let v be n(-14). Let c(z) be the third derivative of 0 + 5/6*z**3 - 1/24*z**v - 6*z**2 + 0*z + 1/60*z**5. Determine c(0).
5
Let m(c) = 3*c**2 - 5*c**2 + c**2 - 3 - 4*c. Suppose -26*y + 24*y = 8. Determine m(y).
-3
Let g(i) be the first derivative of -8 + 1/2*i**2 + 6*i. Give g(-6).
0
Suppose 3*l + 5*s + 2 = 0, -l - 2*l + s = -22. Let x(j) = -4. Let g(t) = t + 2. Let u(f) = g(f) - x(f). Calculate u(l).
12
Let t(z) be the third derivative of 9*z**2 + 0 - 1/4*z**4 - 1/2*z**3 + 0*z - 1/60*z**5. Calculate t(-4).
5
Let v(p) = -4*p + 3*p - 5*p + 5*p - 7. Suppose 0 = -c - 1 - 0. Let l(x) = -5*x**3 - x**2 - 2*x - 1. Let s be l(c). What is v(s)?
-12
Suppose 7*b = 11*b - 16. Suppose 0 = -2*h + b*h + 6. Let v(o) = o**2 - 3. Determine v(h).
6
Suppose 5*p = -4*u + 17, -4*p = -4 - 0. Let t be (2/(-4))/(u/(90/(-3))). Let r(h) = h**3 - 5*h**2 + h - 2. Determine r(t).
3
Let k be (-4)/2*(-12)/(-8). Let z(g) = 12 - 17 - g + 6. Determine z(k).
4
Let r be (24/(-10))/(6/(-40)). Suppose -r = 4*z, 2*i - 12 = i + 3*z. Let l(m) = -m**2 - 4 + 3 + 3*m - 4*m. What is l(i)?
-1
Let y(m) = 6*m**2 - m + 3. Let o = 45 - 41. Let d(k) = 7*k**2 - k + 4. Let s(a) = o*y(a) - 3*d(a). Give s(2).
10
Let u(d) = -3*d**2 - 7*d - 4. Let x(q) = -10*q**2 - 22*q - 11. Let i(v) = -7*u(v) + 2*x(v). Calculate i(-5).
6
Let x(n) = n**3 - n**2 + 0*n**2 + 6 - n - 5*n**2. Let p be -5 + 8 - (-2 - -3)*-1. Let s = 2 + p. Give x(s).
0
Let x(l) = -38 + 19 + 7*l - 7*l**2 + 14 + l**3. Let g(a) = -a - 2. Let f be g(-8). Calculate x(f).
1
Let a(i) = -4*i**3 - 15 + 2*i - 6*i**2 + 2 + 10 + 3*i**3 + 6. Let v(m) = m**2 + 5*m - 2. Let l be v(-6). Suppose -l*s - 1 - 23 = 0. Calculate a(s).
-9
Let x be 1*(-8)/12*(-60)/8. Let u(c) be the second derivative of 1/6*c**3 - 4*c**2 + 0 + c. Give u(x).
-3
Let l(a) = 2*a + 0*a - 5*a**2 + 12*a**2 - 11*a**2 + 4*a**3. Determine l(2).
20
Let f(j) be the first derivative of j**4/4 + 5*j**3/3 - 7*j**2/2 - 9*j - 16. Let l be 56/(-10) + (-16)/40. Let t be f(l). Let w(d) = -4*d - 3. What is w(t)?
9
Let r(g) be the first derivative of -5*g**2/2 + 2244. Let u(q) = -q**2 - 7*q - 3. Let t be u(-6). Determine r(t).
-15
Suppose -5*b + 2*p - 201 = 0, -4*b - 3*p - 150 = -p. Let s = 38 + b. Let f(z) = 3*z**2 - z. Calculate f(s).
4
Let y(r) = 3*r + 26. Let p(n) = 5*n + 31. Let m(c) = 4*p(c) - 5*y(c). Calculate m(8).
34
Let m(x) = -37*x + 55 + 59 - 115. Calculate m(1).
-38
Suppose -y = -0 - 2. Let l(d) be the first derivative of d**4/12 - d**3/6 - d**2/2 - 30*d + 30. Let f(h) be the first derivative of l(h). What is f(y)?
1
Suppose 8*b = 6*b - 4. Let v = b + 4. Suppose 3*a = 2*f + 8*a, f = -v*a - 1. Let q(r) = -r**2 - 5*r - 3. What is q(f)?
-3
Let h(q) = -1 + 4*q - 3*q + 2. Suppose 0 = 2*u - 2, a + 409*u - 1 = 410*u. Determine h(a).
3
Let h be (6/(-3))/(7*(-2)/(-14)). Let d(m) = -5*m**2 - 2*m. What is d(h)?
-16
Let b(x) be the third derivative of -x**4/12 - x**3/3 + x**2 + 1. Suppose -u - 25 = 4*u. Determine b(u).
8
Let t(x) = x**3 + 5*x**2 + x - 1. Suppose -9 - 34 = 4*y + 5*p, 4*y + 50 = 2*p. Let w = -10 - y. Suppose -w*k + 6*k + 20 = 0. What is t(k)?
-6
Suppose a - 65 = -4*a. Suppose 3*u - 3*c - a = -2*c, -2*u - 5*c + 3 = 0. Let x(y) = 3 - y**2 - 37*y + 73*y - 35*y. What is x(u)?
-9
Let u(q) = q. Let j(a) = -2*a + 1. Let r(t) = 2*j(t) + 3*u(t). Suppose -2*n + 2 + 2 = 0. Give r(n).
0
Let p(h) = 6*h**2 - 3*h**3 + 6 - 3*h + 2*h**3 + h. Let a(v) = -3*v**2 - 114*v + 6. Let j be a(-38). Calculate p(j).
-6
Let m(c) = -21*c**3 - c - 2. Let f be m(-1). Let u = 20 - f. Let d(b) = -5 - 103*b + u + 105*b. Give d(4).
3
Let f(m) = 2*m + 7*m**2 + 8*m**2 + m**3 + 5*m - 6 - 21*m**2. Let y(l) = l + 4. Let i = 5 + -5. Let p be y(i). What is f(p)?
-10
Let r(h) be the second derivative of -h**5/20 + h**4/4 + h**3/3 - 3*h**2/2 - h. Let g = -23 - -26. Calculate r(g).
3
Let j be (8/(-10))/((-2)/5). Let i(v) = v + 8 - 2*v + 7*v**2 - j + 0 - v**3. What is i(7)?
-1
Suppose -136*m - 39 = 3*x - 133*m, -3*x + 2*m - 44 = 0. Let o(n) = -n**3 - 14*n**2 - 1. Calculate o(x).
-1
Suppose 24 = 2*q + 6*q. Suppose -q*x - 2*x = -445. Let p(b) = 88*b**3 - 5*b**2 + 2 + 2*b + 4 - x*b**3. What is p(-5)?
-4
Let j(o) = -o**2 + o - 10. Suppose 16 = -4*v + z + 60, 3*z = 12. Suppose 3*f - 2*q - v = q, 3*f - 4 = q. What is j(f)?
-10
Let w = -28 - -29. Let m(a) = -a - 2. Let r be m(w). Let z(j) = j**3 - j**2 + 4*j**2 + j + 1 + 3. Calculate z(r).
1
Let c(z) = -5*z**3 - 15*z**2 + 8*z - 5. Let l(o) = 6*o**3 + 17*o**2 - 8*o + 5. Let f(a) = -5*c(a) - 4*l(a). Determine f(-8).
5
Let b(g) = g**3 - 11*g**2 - 12*g + 2. Let w be ((-32)/(-10))/((-24)/(-90)). Calculate b(w).
2
Let n(i) = 21*i**3 - 29*i**3 - 6*i**2 - i + 7*i**3 - 12. What is n(-6)?
-6
Suppose -g = -2*b - 11, -2*b - 17 = -g + 2*b. Suppose g*j = 8 + 2. Let k(q) = -4*q**j + 1 + 5*q**2 + 1 + 7*q + 0*q**2. Determine k(-6).
-4
Let u(y) be the first derivative of -3*y**2/2 - 2*y + 44. Let c be 6/8 - (-55)/(-20). Determine u(c).
4
Let k(r) = -r + 5*r - 5*r + 1. Let j be (-13)/7 - 0 - (-1410)/1645. What is k(j)?
2
Let n(l) = 15*l**2 + 11*l - 21. Let o(i) = -2*i**2 - 2*i + 3. Let p(x) = -2*n(x) - 14*o(x). Calculate p(6).
-36
Let i(n) = -n + 4 + 2*n + 0*n. Let g be (4/(-36)*-3)/(3/36). Suppose 0 = -g*v - 1 - 3, 5*v = -2*j - 17. Determine i(j).
-2
Let f be 6/(-2) - (-7 - 0). Suppose -f*j = -2*n - 22, -4 = -5*j - n + 20. Let g(y) = -4*y**2 - 7*y**3 - 10*y + 8*y**3 + 10 - 3 + 3*y. Determine g(j).
-3
Let i(f) = -3*f. Let s(w) = -w**3 + 8*w**2 - 10*w + 3. Let t(o) = -o**3 - 8*o**2 - o - 1. Let x be t(-8). Let k be s(x). Let b = 17 + k. Give i(b).
3
Let g be -6 + -1 + (-3 - -7). Let j(f) = -5*f**2 - 3*f - 2. Calculate j(g).
-38
Let p(l) = -2*l - 5 - 6*l - l**2 + 6. Let v be p(-8). Let q(b) = -4 - b**2 + 4 - 4*b - b - v. Give q(-5).
-1
Let h(d) = -d**3 - 3*d**2 + 18*d - 1. Let b = 48 - 54. Let m be h(b). Let p(i) = 7*i**2 - 2*i - 1. What is p(m)?
8
Suppose p + 3*x = 15, 0*p + 3*x = 4*p + 15. Suppose 2*v + 3*v = 4*c - 3, p = 5*c + 5*v - 15. Let t(a) = 2 + c - 8 + 5 + 6*a. Calculate t(1).
7
Let j(a) = 5*a**2 + a + 7. Let u(m) = 4 + 1 - m**2 - 6 + m. Let i(d) = -j(d) - 6